lculate the highest common factor of 4680 and 5860.
20
What is the greatest common factor of 128183 and 946?
473
What is the highest common factor of 144 and 135288?
72
What is the greatest common divisor of 8505 and 4785?
15
What is the highest common factor of 12552 and 168?
24
Calculate the greatest common factor of 42 and 128842.
14
What is the greatest common factor of 36864 and 10944?
576
Calculate the highest common divisor of 4 and 257352.
4
What is the highest common divisor of 568602 and 155?
31
What is the highest common factor of 1287 and 224757?
117
Calculate the greatest common divisor of 136 and 40616.
8
Calculate the highest common divisor of 17472 and 171444.
1092
What is the highest common divisor of 1652 and 56?
28
What is the highest common divisor of 67200 and 7175?
175
What is the highest common factor of 28 and 1526?
14
What is the greatest common factor of 6257802 and 323?
323
What is the highest common factor of 6 and 4054?
2
What is the highest common divisor of 112 and 6244?
28
What is the greatest common factor of 704859 and 141?
141
What is the highest common factor of 54923 and 33?
11
Calculate the highest common divisor of 7676 and 1292.
76
Calculate the greatest common divisor of 25 and 9475.
25
What is the greatest common divisor of 60525 and 10575?
225
Calculate the greatest common divisor of 41024 and 1923.
641
What is the highest common divisor of 8261 and 30791?
751
What is the greatest common factor of 752 and 8720?
16
What is the highest common divisor of 56825 and 75?
25
Calculate the highest common factor of 28 and 281932.
28
Calculate the greatest common divisor of 10280 and 570.
10
Calculate the greatest common factor of 2365842 and 12.
6
What is the greatest common divisor of 203125 and 25?
25
Calculate the highest common factor of 5670 and 6090.
210
What is the greatest common factor of 185248 and 672?
224
Calculate the highest common factor of 2618 and 162554.
238
What is the highest common factor of 84167 and 51?
17
Calculate the highest common divisor of 89 and 15052214.
89
Calculate the highest common factor of 173239 and 11.
11
What is the greatest common factor of 1044176 and 84?
28
Calculate the highest common divisor of 56 and 25123.
7
Calculate the greatest common factor of 248370 and 3570.
510
Calculate the greatest common divisor of 96 and 280536.
24
Calculate the highest common factor of 194 and 1293204.
194
What is the highest common divisor of 35664 and 192?
48
Calculate the greatest common factor of 708 and 54044.
236
What is the highest common factor of 2941 and 527?
17
Calculate the greatest common divisor of 19039 and 79.
79
Calculate the highest common factor of 560 and 483280.
560
Calculate the greatest common factor of 2691 and 21229.
299
Calculate the greatest common factor of 1445 and 7803.
289
What is the highest common factor of 250 and 157750?
250
Calculate the highest common factor of 723429 and 252.
63
What is the greatest common divisor of 1918488 and 86?
86
What is the greatest common divisor of 24883 and 2831?
149
Calculate the highest common factor of 242077 and 1298.
649
What is the highest common factor of 546 and 213717?
21
Calculate the highest common factor of 4224 and 3872.
352
Calculate the highest common factor of 153692 and 476.
28
Calculate the greatest common divisor of 6112 and 16.
16
Calculate the highest common factor of 336473 and 2068.
47
What is the greatest common divisor of 14 and 14455?
7
Calculate the highest common factor of 10790 and 110.
10
What is the greatest common divisor of 332 and 242028?
332
What is the greatest common divisor of 58 and 589280?
58
Calculate the greatest common factor of 228 and 58368.
228
What is the greatest common divisor of 44 and 7128616?
44
Calculate the highest common divisor of 1376 and 74648.
344
What is the greatest common factor of 168 and 190168?
8
What is the highest common divisor of 574101 and 198?
99
What is the highest common factor of 652 and 8965?
163
What is the highest common divisor of 249 and 1485534?
249
What is the highest common divisor of 122096 and 288?
16
What is the highest common factor of 193733 and 92376?
1283
Calculate the greatest common divisor of 1440588 and 12.
12
What is the highest common factor of 126557 and 4607?
271
What is the greatest common factor of 18 and 2692?
2
What is the greatest common factor of 25064 and 1432?
8
Calculate the highest common factor of 242323 and 1775.
71
Calculate the greatest common factor of 22163 and 39534.
599
What is the greatest common divisor of 99353 and 1095?
73
What is the highest common factor of 116 and 3241388?
116
What is the greatest common factor of 233310 and 3234?
462
Calculate the highest common divisor of 137544 and 3608.
88
Calculate the greatest common divisor of 31652 and 73964.
164
What is the greatest common factor of 4872 and 2401?
7
Calculate the highest common divisor of 2321 and 316922.
211
Calculate the highest common factor of 153 and 33093.
9
Calculate the greatest common factor of 2689481 and 47.
47
Calculate the highest common divisor of 1363 and 899.
29
Calculate the highest common divisor of 74 and 70596.
74
What is the greatest common divisor of 10769 and 2299?
121
Calculate the highest common factor of 2238725 and 601.
601
Calculate the greatest common divisor of 403 and 382421.
13
Calculate the greatest common divisor of 317769 and 219.
219
What is the greatest common divisor of 3565 and 7705?
115
What is the greatest common divisor of 15366 and 18518?
394
What is the highest common divisor of 780 and 188460?
60
Calculate the greatest common divisor of 336 and 12894.
42
Calculate the greatest common factor of 658030 and 690.
230
What is the greatest common divisor of 13920 and 2755?
145
What is the highest common divisor of 480 and 17785?
5
Calculate the highest common factor of 7527 and 273.
39
What is the highest common factor of 890765 and 335?
335
Calculate the highest common factor of 96076 and 12.
4
What is the greatest common divisor of 34 and 317?
1
Calculate the greatest common divisor of 589 and 5704.
31
Calculate the highest common divisor of 441 and 827883.
63
Calculate the greatest common divisor of 102506 and 20597.
479
What is the highest common divisor of 4878 and 144?
18
What is the greatest common factor of 5 and 1303?
1
What is the greatest common divisor of 428757 and 2142?
357
Calculate the greatest common divisor of 42 and 310884.
42
What is the highest common divisor of 338 and 279188?
338
Calculate the highest common divisor of 542 and 1254459.
271
Calculate the greatest common factor of 283 and 692501.
283
What is the greatest common divisor of 354 and 424623?
177
Calculate the highest common divisor of 10647 and 3393.
117
What is the greatest common factor of 5805 and 13803?
129
Calculate the greatest common divisor of 11512 and 16.
8
What is the greatest common factor of 1572 and 14541?
393
What is the highest common divisor of 331 and 88708?
331
Calculate the greatest common divisor of 15400 and 67550.
350
Calculate the greatest common divisor of 63 and 13698.
9
Calculate the greatest common factor of 605985 and 2130.
1065
Calculate the greatest common factor of 418 and 6653724.
418
What is the highest common factor of 93729 and 41790?
597
Calculate the greatest common divisor of 7625 and 1098.
61
What is the highest common factor of 39 and 75387?
39
What is the highest common factor of 45 and 50679?
9
What is the greatest common divisor of 1604819 and 1687?
241
Calculate the highest common factor of 20 and 8695.
5
What is the greatest common divisor of 246 and 11890?
82
Calculate the greatest common factor of 141643 and 2876.
719
What is the highest common factor of 1126 and 382277?
563
Calculate the greatest common divisor of 396 and 258543.
9
What is the highest common divisor of 256 and 6080512?
256
What is the highest common divisor of 42 and 115262?
14
What is the greatest common factor of 1235893 and 38?
19
Calculate the highest common factor of 505 and 1215.
5
Calculate the greatest common factor of 15 and 4093640.
5
Calculate the highest common divisor of 534652 and 584.
292
Calculate the greatest common divisor of 1258 and 7607126.
1258
What is the greatest common divisor 